c**2 + 26*c + 20. Let l be u(-12). Let j = l + f. What are the prime factors of j?
2, 5
Let a(t) = t**2 - 23. Let j be a(-5). Suppose o = -11*o - j*o. Suppose -c = -2*i - 272, o = -2*c - 3*c + i + 1315. List the prime factors of c.
2, 131
Let c(b) = -5*b**2 - 17*b + 5. Let f(t) = -6*t**2 - 18*t + 6. Let n(o) = 5*c(o) - 4*f(o). Let g be n(-21). Let v = -106 - g. List the prime factors of v.
61
Let x(b) = 43*b - 207. Let j be x(5). List the prime factors of 892 + (j - (-3 - -8)).
5, 179
Let m(j) = j**2 - 8*j + 13. Let d be m(9). Suppose 2*x = -2, -x - 5 = -w + 40. Let v = w - d. What are the prime factors of v?
2, 11
Suppose 0 = -4*q + 5*l + 304034, 258*l = q + 263*l - 75996. List the prime factors of q.
2, 7, 61, 89
Suppose 0 = -3*p - 0*k + 2*k + 2, -24 = -p - 4*k. Suppose -3*z + 2*v - 7 = 2*z, -p*v + 7 = -3*z. What are the prime factors of (-195)/(-15) - (-2)/z?
11
Let s = -73 - -57. What are the prime factors of 27365/15 + s/12?
1823
Let n = 79 + -22. Suppose -n*d + 2260 = -52*d. List the prime factors of d.
2, 113
Let i(k) = k**2 - 5*k + 6. Let g be i(5). Let m = -1 + g. Suppose -13*o + 872 = -m*o. List the prime factors of o.
109
Let g(v) = -v**3 + 67*v**2 - 60*v - 150. List the prime factors of g(30).
2, 3, 5, 11, 19
Suppose -352*c - 125356 = -363*c. List the prime factors of c.
2, 7, 11, 37
Let q = 18152 + -9353. List the prime factors of q.
3, 7, 419
Let h = -7005 - -11872. What are the prime factors of h?
31, 157
Suppose -7*t - 11 = 24. Let n(g) = -67*g - 15. What are the prime factors of n(t)?
2, 5
Let t = -38 - -38. Suppose -4*i + 3*w = w + 390, 3*w - 15 = t. Let j = -56 - i. What are the prime factors of j?
3, 13
Suppose 12 = 4*j, -5*t - 2*j + 1 = -0*j. List the prime factors of (-32)/(6/120*t).
2, 5
Suppose 3279 - 42773 = -26*l. Let d = 196 + l. What are the prime factors of d?
5, 7
Let n(i) = 20*i - 46. Let k be n(7). Suppose -97*s + 2508 = -k*s. Suppose 7*a - 648 = s. What are the prime factors of a?
2, 53
Let g be (-21)/(-15) - 2 - (-503)/5. Suppose -3*s + 5*u + 340 = 0, 9*s - g = 8*s - 5*u. List the prime factors of s.
2, 5, 11
Suppose -3*h - 3*k = -39552, 5*k = 1138*h - 1137*h - 13208. List the prime factors of h.
2, 3, 7, 157
Let w(o) = -9*o - 37. Let j be w(-4). List the prime factors of 2/(-13) - (j + 6606/(-13)).
509
Suppose -18*x = 2*n - 20*x - 143006, -357485 = -5*n - x. What are the prime factors of n?
2, 7, 5107
Let o = 831 + -1434. Let u = o - -940. What are the prime factors of u?
337
Let a(c) = 2*c**3 + 96*c**2 - 96*c + 71. What are the prime factors of a(-47)?
9001
Let d(g) = 2*g**3 - 10*g**2 - 17*g - 93. List the prime factors of d(10).
11, 67
Suppose -s + 4 = -36*i + 38*i, 0 = i - s - 5. Let p = 121 + 183. Suppose 4*g = i*h + p, -2*g + h - 2*h = -152. What are the prime factors of g?
2, 19
Let n = 66 + -47. Let c = n - -8. Suppose -22*o = -c*o + 505. List the prime factors of o.
101
Let w be (-696)/(-609) + (-3)/21. Suppose x = -0*x + 3. List the prime factors of (-600)/(-12) - (w - x).
2, 13
Let b(f) = -3 + 4*f + f**2 - 1 - 4. Let j(c) = -4*c**3 + 24*c**2 - 6. Let q be j(6). What are the prime factors of b(q)?
2
List the prime factors of (5*1 + -9655*(-10)/(-200))*-28.
3, 7, 13
Let h = 27 + -27. Suppose -3*t + 19 - 10 = h. Suppose -5*j = -6*j + t. What are the prime factors of j?
3
Let j(b) = 702*b + 6. Let y be j(1). Suppose -2*o - 4*u = o - 419, 3*u = 5*o - y. What are the prime factors of o?
3, 47
Suppose -5*q + 25530 = g, 249*q - 15305 = 246*q + 2*g. List the prime factors of q.
5, 1021
What are the prime factors of 4 + (-24 - -17143) + (-4)/(-1)?
3, 11, 173
Let p be 1/4 + (-115)/(-20). Suppose -2 = -h - q + p, -3*q = -2*h + 6. List the prime factors of h/(-42) - (-549)/21.
2, 13
Let f = 156 - -501. Let d = -402 + f. What are the prime factors of d?
3, 5, 17
Let h be -2 - -4 - 2 - (-3 - -4). Let p be h - (-117)/(-1 - -2). Suppose -6*w = -7*w + p. List the prime factors of w.
2, 29
Let x = 56 - -90. Let f = x - 76. Suppose -2*s + 280 + f = 0. List the prime factors of s.
5, 7
Let c(y) = -89*y**2 + 8*y + 49. Let h be c(7). List the prime factors of (1 + -13)/(14/h*3).
2, 19
Suppose 0 = 7*j - 2193 - 23168. Suppose -8*v - 791 = -j. What are the prime factors of v?
2, 3, 59
Let m(r) = r**3 + 10*r**2 + 7*r - 16. Let b be m(-9). Suppose 3*x + a - 147 = 91, 3*x = b*a + 235. What are the prime factors of x?
79
Let q = -4481 + 7578. List the prime factors of q.
19, 163
Let v(j) be the third derivative of 5*j**4/24 + 4*j**3 + 60*j**2. What are the prime factors of v(23)?
139
Let b(s) = 5584*s + 1. Let p be b(1). Suppose 5*y - 2045 = p. Suppose -7*q = 266 - y. List the prime factors of q.
2, 3, 5
Let j = 6649 + -9944. Let s = -2087 - j. List the prime factors of s.
2, 151
Let w(p) = 3004*p - 104. List the prime factors of w(2).
2, 3, 41
Suppose 0 = 3*q - 5*t - 52364, -2*q = -190*t + 189*t - 34914. What are the prime factors of q?
2, 7, 29, 43
Let l be 94/(-10) + (-6)/10 + 0. Let u(z) = z**2 + 9*z - 8. Let h be u(l). What are the prime factors of ((-2)/6)/(h - (-230)/(-114))?
19
Suppose 1875 = -4*g + 5*x + 12439, 0 = -2*x + 8. List the prime factors of g.
2, 3, 7
Let o = -470 - -474. Suppose -o*a - 5239 = -4*t - 43, 4*t = -3*a + 5182. List the prime factors of t.
1297
Let p(c) = -11*c - 2. Let n be p(-5). Suppose 266*a - 255*a = -132. Let v = n - a. What are the prime factors of v?
5, 13
What are the prime factors of 3*10/24 - (-1735811)/308?
3, 1879
Let p(v) = v**2 - 3*v + 4. Suppose l = 3*z - 6, 4*z - 8 = -3*l + l. Suppose 2*k = -4, k = 3*r - z*r - 9. What are the prime factors of p(r)?
2
Suppose 0 = 3*w + h - 109, h = -14*w + 19*w - 171. Suppose -460 - w = -q + 5*z, -2*q - 5*z = -1035. List the prime factors of q.
2, 3, 5, 17
Let h(i) = 25*i**3 + i**2 + i + 2. Let d(p) = 2*p. Let b be d(-1). Let k be h(b). What are the prime factors of 0/9 + 1/((-2)/k)?
2, 7
Suppose -5*q + 20*c - 23*c = -90365, 4*q - 72270 = 2*c. What are the prime factors of q?
2, 5, 13, 139
Suppose 4*b + 3*y - 65766 = 0, 4*y + 32007 = 3*b - 17280. List the prime factors of b.
3, 5479
Let j(z) = -z**3 - 11*z**2 - 9*z - 9. Let t be j(-8). Let v = t - -197. Suppose -6*q + q + v = r, 172 = 2*r + q. What are the prime factors of r?
2, 11
Suppose 4*j + 1 = -31. What are the prime factors of -177*9/(54/j)?
2, 59
Let u = 2706 - 1478. List the prime factors of u.
2, 307
Let m(c) = 935*c - 959. What are the prime factors of m(6)?
4651
Let v be (-9802)/(-8) + 9/(-36). Suppose 0 = 20*k - 25*k + v. Suppose k = 10*g - 5*g. List the prime factors of g.
7
Let d(c) = -5*c - 23. Let z(n) = -1. Let v(p) = -2*d(p) + 6*z(p). List the prime factors of v(16).
2, 5
Let a(x) = x**3 - 6*x**2 + 8*x + 12. Suppose -2*b + 5*b + 33 = 3*i, -5*b - 31 = -i. Let z be a(i). Let o = 29 + z. List the prime factors of o.
89
Suppose 0 = -4*p - 4*l + 84752, 3*p - 237*l + 246*l = 63576. What are the prime factors of p?
2, 3, 11, 107
Suppose 5*t - 231 = 69. Suppose 4*s - t = -0*s. Let k = s + 7. What are the prime factors of k?
2, 11
Let u = 3 - -1. Suppose 5*h = v + 519, -5*h - u*v + 189 + 310 = 0. List the prime factors of h.
103
Let p(l) = -l**3 - 4*l**2 - 2. Let w be p(-6). List the prime factors of (-2*144/(-20))/(4/w).
2, 3, 7
List the prime factors of 1 - (26 + -25) - -64458.
2, 3, 3581
Let s = 100 - 95. Let z be s*10/125*-10. Let h(p) = -56*p + 7. What are the prime factors of h(z)?
3, 7, 11
Let u(k) = 3*k**2 + 6*k - 1. Let r be u(-17). Suppose -14*v + 524 = -r. What are the prime factors of v?
2, 23
Suppose 43*j - 47*j = 3*s - 34634, -4*s + 46208 = -2*j. What are the prime factors of s?
2, 3, 5, 7, 11
Let j(q) be the third derivative of -q**6/120 - q**5/12 + q**4/4 + 4*q**3/3 + 10*q**2. Let x be j(-5). What are the prime factors of (-6)/(-33) + (-1844)/x?
2, 3, 7
Suppose 13*a - 9*a = -3*l + 36065, -a - 2*l + 9025 = 0. What are the prime factors of a?
9011
Let a(p) = 436*p + 66. Let k be a(6). Suppose 0 = 4*x - 3090 - k. Suppose 12*q - 4335 + x = 0. List the prime factors of q.
241
Suppose -29*k + 20*k = -909. Suppose -105*f + 1132 = -k*f. What are the prime factors of f?
283
Suppose -16220 = -15*x - 5090. List the prime factors of x.
2, 7, 53
Let w = 53 - 46. Suppose w*r + 808 - 4525 = 0. List the prime factors of r.
3, 59
Suppose 0 = -4*v + 6*q - q - 25, v = -2*q + 10. List the